{"id":120,"date":"2020-02-12T16:34:14","date_gmt":"2020-02-12T16:34:14","guid":{"rendered":"https:\/\/www.bridge4fun.pt\/novo2\/?page_id=120"},"modified":"2020-08-16T12:18:15","modified_gmt":"2020-08-16T12:18:15","slug":"historia-do-bridge","status":"publish","type":"page","link":"https:\/\/www.bridge4fun.pt\/?page_id=120","title":{"rendered":"Hist\u00f3ria do Bridge"},"content":{"rendered":"<p>[et_pb_section fb_built=&#8221;1&#8243; fullwidth=&#8221;on&#8221; admin_label=&#8221;Header Section&#8221; _builder_version=&#8221;3.22&#8243; background_color=&#8221;#dadde2&#8243;][et_pb_fullwidth_header subhead=&#8221;Porque o bridge \u00e9 uma paix\u00e3o&#8221; text_orientation=&#8221;center&#8221; logo_image_url=&#8221;https:\/\/www.bridge4fun.pt\/novo2\/wp-content\/uploads\/2019\/12\/Logo_B4F-ESCOLA_1.jpg&#8221; _builder_version=&#8221;4.0.9&#8243; title_font=&#8221;Oswald|500||on|||||&#8221; title_text_color=&#8221;#ffffff&#8221; title_font_size=&#8221;10vw&#8221; title_letter_spacing=&#8221;15px&#8221; title_line_height=&#8221;1.4em&#8221; content_font=&#8221;||||||||&#8221; subhead_font=&#8221;Oswald|||on|||||&#8221; subhead_text_color=&#8221;rgba(12,12,12,0.2)&#8221; subhead_font_size=&#8221;24px&#8221; subhead_letter_spacing=&#8221;15px&#8221; subhead_line_height=&#8221;1.4em&#8221; background_color=&#8221;rgba(255, 255, 255, 0)&#8221; background_enable_image=&#8221;off&#8221; background_position=&#8221;bottom_center&#8221; custom_padding=&#8221;0.1%||0.2%|||&#8221; animation_style=&#8221;zoom&#8221; animation_direction=&#8221;bottom&#8221; animation_intensity_zoom=&#8221;8%&#8221; title_text_shadow_style=&#8221;preset1&#8243; title_text_shadow_blur_strength=&#8221;0.25em&#8221; title_text_shadow_color=&#8221;rgba(12,12,12,0.15)&#8221; button_one_text_size__hover_enabled=&#8221;off&#8221; button_two_text_size__hover_enabled=&#8221;off&#8221; button_one_text_color__hover_enabled=&#8221;off&#8221; button_two_text_color__hover_enabled=&#8221;off&#8221; button_one_border_width__hover_enabled=&#8221;off&#8221; button_two_border_width__hover_enabled=&#8221;off&#8221; button_one_border_color__hover_enabled=&#8221;off&#8221; button_two_border_color__hover_enabled=&#8221;off&#8221; button_one_border_radius__hover_enabled=&#8221;off&#8221; button_two_border_radius__hover_enabled=&#8221;off&#8221; button_one_letter_spacing__hover_enabled=&#8221;off&#8221; button_two_letter_spacing__hover_enabled=&#8221;off&#8221; button_one_bg_color__hover_enabled=&#8221;off&#8221; button_two_bg_color__hover_enabled=&#8221;off&#8221;][\/et_pb_fullwidth_header][\/et_pb_section][et_pb_section fb_built=&#8221;1&#8243; _builder_version=&#8221;3.22&#8243; custom_margin=&#8221;-1px|||||&#8221; custom_padding=&#8221;120px|0px|5px|0px||&#8221; hover_enabled=&#8221;0&#8243;][et_pb_row use_custom_gutter=&#8221;on&#8221; gutter_width=&#8221;2&#8243; _builder_version=&#8221;3.25&#8243; custom_margin=&#8221;-63px|auto||auto||&#8221;][et_pb_column type=&#8221;4_4&#8243; _builder_version=&#8221;3.25&#8243; custom_padding=&#8221;|||&#8221; custom_padding__hover=&#8221;|||&#8221;][et_pb_text _builder_version=&#8221;4.0.9&#8243; text_font=&#8221;Arial||||||||&#8221; hover_enabled=&#8221;0&#8243;]<\/p>\n<h1 style=\"text-align: center;\"><span style=\"color: #000080;\">HIST\u00d3RIA DO BRIDGE<\/span><\/h1>\n<p>[\/et_pb_text][\/et_pb_column][\/et_pb_row][et_pb_row use_custom_gutter=&#8221;on&#8221; gutter_width=&#8221;2&#8243; _builder_version=&#8221;4.0.9&#8243; custom_padding=&#8221;0px|||||&#8221;][et_pb_column type=&#8221;4_4&#8243; _builder_version=&#8221;3.25&#8243; custom_padding=&#8221;|||&#8221; custom_padding__hover=&#8221;|||&#8221;][et_pb_text _builder_version=&#8221;4.0.9&#8243; text_font=&#8221;Arial||||||||&#8221; text_text_color=&#8221;#0C71C3&#8243; text_font_size=&#8221;21px&#8221; text_line_height=&#8221;1.8em&#8221; background_color=&#8221;rgba(244,244,244,0)&#8221; background_color_gradient_direction=&#8221;55deg&#8221; background_image=&#8221;https:\/\/www.bridge4fun.pt\/novo2\/wp-content\/uploads\/2020\/02\/logofundo.jpg&#8221; background_size=&#8221;initial&#8221; background_repeat=&#8221;repeat&#8221;]<\/p>\n<p>&nbsp;<\/p>\n<p><span style=\"color: #02192b;\">As primeiras formas rudimentares do <span style=\"color: #093fbc;\">WHIST<\/span>, antepassado do bridge, remontam \u00e0 primeira metade do s\u00e9culo XVI, em Inglaterra &#8211; a primeira prova documental data de 1529.<\/span><\/p>\n<p><span style=\"color: #02192b;\">Em meados do s\u00e9culo XVII o <span style=\"color: #093fbc;\">WHIST<\/span>\u00a0atingia uma grande popularidade. Neste jogo, eram distribu\u00eddas 13 cartas a cada um dos 4 jogadores, emparceirados 2 a 2, com o objectivo de realizar o m\u00e1ximo de vazas poss\u00edveis. N\u00e3o existia leil\u00e3o e nenhum dos jogos ficava exposto sobre a mesa. Em 1742 surgiu o primeiro livro dedicado ao WHIST: &#8220;<span style=\"color: #093fbc;\">Pequeno tratado sobre o WHIST<\/span>&#8220;, de <span style=\"color: #093fbc;\">Edmond Hoyles<\/span>. A obra tornou-se num best seller, originando mesmo o aparecimento de v\u00e1rias edi\u00e7\u00f5es piratas.<\/span><\/p>\n<p><span style=\"color: #02192b;\">Acredita-se que a primeira experi\u00eancia de <span style=\"color: #093fbc;\">WHIST<\/span> competitivo tenha ocorrido em Londres, em 1857, sob a direc\u00e7\u00e3o de <span style=\"color: #093fbc;\">Cavendish<\/span>. Nos EUA, os primeiros torneios de <span style=\"color: #093fbc;\">WHIST<\/span> surgiram em 1880. O primeiro encontro entre clubes ocorreu em 1883. S\u00f3 cinco anos mais tarde, em 1888, seria realizada a primeira experi\u00eancia europeia, na Esc\u00f3cia.<\/span><\/p>\n<p><span style=\"color: #02192b;\">Em 1891 assinala-se a funda\u00e7\u00e3o da <span style=\"color: #093fbc;\">Liga Americana de WHIST<\/span> bem como a publica\u00e7\u00e3o do primeiro livro sobre organiza\u00e7\u00e3o de torneios, escrito por <span style=\"color: #093fbc;\">John Mitchell<\/span>, que descreveu o primeiro movimento para torneio de pares.<\/span><\/p>\n<p><span style=\"color: #02192b;\">Ao que tudo indica, ter\u00e1 sido na Turquia que o <span style=\"color: #093fbc;\">WHIST<\/span> evoluiu para uma das primeiras formas de <span style=\"color: #093fbc;\">BRIDGE<\/span>, no in\u00edcio do s\u00e9culo XIX. Foi tamb\u00e9m, por essa altura, que surgiu o conceito de declarante em frente a um jogo exposto &#8211; o morto.<\/span><\/p>\n<p><span style=\"color: #02192b;\">S\u00e3o v\u00e1rios os relatos que confirmam esta suposi\u00e7\u00e3o. Um tal de <span style=\"color: #093fbc;\">M. Keiley<\/span>, em carta dirigida a <span style=\"color: #093fbc;\">Robert True<\/span>, afirmava que em 1886 se tornara membro do <span style=\"color: #093fbc;\">Clube Khedival<\/span>, no Cairo, onde o <span style=\"color: #093fbc;\">BRIDGE<\/span> era a principal atrac\u00e7\u00e3o. Ali\u00e1s, um dos primeiros nomes do <span style=\"color: #093fbc;\">BRIDGE<\/span> ter\u00e1 sido, precisamente, <span style=\"color: #093fbc;\">KHEDIVE<\/span>. A origem do nome estar\u00e1 relacionada com o t\u00edtulo atribu\u00eddo ao vice-rei turco, durante a ocupa\u00e7\u00e3o turca do Egipto que durou quase ininterruptamente do s\u00e9culo XVI at\u00e9 \u00e0 I Guerra Mundial.<\/span><\/p>\n<p><span style=\"color: #02192b;\">Outros relatos, referiam um jogo denominado <span style=\"color: #093fbc;\">BRITCH<\/span> que, por volta de 1879, era muito popular nos principais clubes de Constantinopla, tendo rapidamente destronado o <span style=\"color: #093fbc;\">WHIST<\/span>.<\/span><\/p>\n<p><span style=\"color: #02192b;\"><span style=\"color: #093fbc;\">Metin Demirsar<\/span>, um turco residente em Istambul, participante num curso de Hist\u00f3ria e Arquitectura Otomana, refere que um monitor do curso mencionou o <span style=\"color: #093fbc;\">BRIDGE<\/span> como um jogo inventado por soldados ingleses, durante a guerra da Crimeia. O jogo teria ficado a dever o seu nome a uma ponte (<span style=\"color: #093fbc;\">Galata Bridge<\/span>), que ligava as duas partes de Istambul e que era utilizada, diariamente, pelos soldados para se dirigirem a um caf\u00e9, onde jogavam cartas. Esta ser\u00e1, porventura, a refer\u00eancia mais convincente sobre as origens do nome do jogo.<\/span><\/p>\n<p><span style=\"color: #02192b;\">O <span style=\"color: #093fbc;\">BRIDGE<\/span> ter\u00e1 chegado a Nova Iorque em 1893, gra\u00e7as a <span style=\"color: #093fbc;\">Henry Barbey<\/span>. Em Londres, membros do <span style=\"color: #093fbc;\">Portland Club<\/span> come\u00e7aram a jog\u00e1-lo em 1894, pelas m\u00e3os de <span style=\"color: #093fbc;\">Lord Brougham<\/span> que o havia aprendido na \u00cdndia.<\/span><\/p>\n<p><span style=\"color: #02192b;\"><span style=\"color: #093fbc;\">Harold Vanderbilt<\/span> foi o &#8220;pai&#8221; do <span style=\"color: #093fbc;\">BRIDGE CONTRATO<\/span>, criado em 1925. Em 1928, o jogo foi adoptado pelos principais clubes nova-iorquinos e, no final desse ano, decorreu o primeiro Campeonato Nacional.<\/span><\/p>\n<p><span style=\"color: #02192b;\">Em 1929 surge a <span style=\"color: #093fbc;\">American Bridge League<\/span> e em 1932 o primeiro <span style=\"color: #093fbc;\">C\u00f3digo Internacional<\/span>, contendo as leis que regulavam o jogo. Em 1930, <span style=\"color: #093fbc;\">Ely Culbertson<\/span> publicou o &#8220;<span style=\"color: #093fbc;\">Livro Azul do Bridge Contrato<\/span>&#8220;, que se tornou num best seller. Esta obra, absolutamente revolucion\u00e1ria para a \u00e9poca, havia de se tornar a obra nuclear de todos os sistemas modernos.\u00a0<span style=\"font-size: 21px; color: #093fbc;\">Culbertson<\/span><span style=\"font-size: 21px;\"> foi, atrav\u00e9s das suas publica\u00e7\u00f5es, da sua personalidade e das suas organiza\u00e7\u00f5es, o grande respons\u00e1vel pelo desenvolvimento do jogo, que nos EUA atingiu uma extraordin\u00e1ria popularidade. <\/span><\/span><\/p>\n<p><span style=\"font-size: 21px; color: #02192b;\">Em 1930 uma equipa americana capitaneada por <span style=\"color: #093fbc;\">Culbertson<\/span>\u00a0derrotava copiosamente uma forma\u00e7\u00e3o inglesa comandada por <span style=\"color: #093fbc;\">Walter Buller<\/span>. Durante os anos 30, tr\u00eas entidades independentes &#8211; A <span style=\"color: #093fbc;\">American Bridge League<\/span>, a <span style=\"color: #093fbc;\">American Whist League<\/span> e a <span style=\"color: #093fbc;\">United States Bridge Association<\/span> &#8211; eram respons\u00e1veis pela organiza\u00e7\u00e3o de v\u00e1rios torneios de bridge at\u00e9 que em 1937 surge a <span style=\"color: #093fbc;\">A.C.B.L. &#8211; American Contract Bridge League<\/span>. <\/span><\/p>\n<p><span style=\"font-size: 21px; color: #02192b;\">Em 1935 s\u00e3o organizados os primeiros <span style=\"color: #093fbc;\">Campeonatos do Mundo<\/span>. Outros marcos hist\u00f3ricos s\u00e3o os primeiros Campeonatos do Mundo do p\u00f3s-guerra, em 1950, a cria\u00e7\u00e3o da <span style=\"color: #093fbc;\">Federa\u00e7\u00e3o Mundial (W.B.F.)<\/span>, em 1958 e a organiza\u00e7\u00e3o das primeiras <span style=\"color: #093fbc;\">Olimp\u00edadas de Bridge<\/span>, em 1960.<\/span><\/p>\n<p><span style=\"font-size: 21px; color: #02192b;\">Estado Unidos e It\u00e1lia continuam a ser os grandes dominadores da modalidade. Os primeiros comandam lista de vencedores com o maior n\u00famero de t\u00edtulos conquistados, a It\u00e1lia alcan\u00e7ou 10 t\u00edtulos consecutivos na \u00e9poca do famoso <span style=\"color: #093fbc;\">Blue Team<\/span>, feito que, dificilmente, poder\u00e1 ser igualado.<\/span><\/p>\n<p><span style=\"font-size: 21px; color: #02192b;\">O bridge \u00e9 hoje reconhecido como um desporto em muitos pa\u00edses, ensinado em Escolas como disciplina n\u00e3o curricular e jogado por milh\u00f5es de pessoas, de todas as idades, ra\u00e7as e religi\u00f5es.<\/span><\/p>\n<p><span style=\"font-size: 21px; color: #02192b;\">\u00a0<\/span><\/p>\n<p>[\/et_pb_text][\/et_pb_column][\/et_pb_row][\/et_pb_section][et_pb_section fb_built=&#8221;1&#8243; _builder_version=&#8221;4.0.9&#8243; custom_padding=&#8221;4px|||||&#8221;][et_pb_row _builder_version=&#8221;4.0.9&#8243; custom_margin=&#8221;-4px|auto||auto||&#8221; custom_padding=&#8221;0px||3px|||&#8221;][et_pb_column _builder_version=&#8221;4.0.9&#8243; type=&#8221;4_4&#8243;][et_pb_text _builder_version=&#8221;4.0.9&#8243; hover_enabled=&#8221;0&#8243; text_font_size=&#8221;16px&#8221;]<\/p>\n<h1 style=\"text-align: center;\"><span style=\"color: #000080;\">Esc\u00e2ndalos<\/span><\/h1>\n<p>Ao longo da hist\u00f3ria da competi\u00e7\u00e3o foram v\u00e1rios os esc\u00e2ndalos que agitaram as \u00e1guas do bridge internacional. Mais recentemente o par italiano Buratti &#8211; Lanzarotti foi acusado e condenado por comunica\u00e7\u00e3o il\u00edcita, mas a verdadeira bomba surgiu com a publica\u00e7\u00e3o dos v\u00eddeos que afastaram das competi\u00e7\u00f5es os italianos Fantoni &#8211; Nunes (n\u00fameros 1 e 2 do ranking mundial), os polacos Balicki e \u017bmudzi\u0144ski, os alem\u00e3es Piekarek &#8211; Smirnov e Elinescu &#8211; Wladow e os israelistas Fisher &#8211; Schwartz. Um rude golpe na modalidade de que n\u00e3o vai ser muito f\u00e1cil recuperar.<\/p>\n<p>Durante os trials americanos (o equivalente a um torneio de selec\u00e7\u00e3o), em 1977, Richard Katz e Lawrence Cohen (autores do livro &#8216;Breakthrough in Bridge&#8217;), abandonaram a prova, depois de tomar conhecimento que estavam a ser investigados por suposta transmiss\u00e3o il\u00edcita de informa\u00e7\u00e3o. Os visados resignaram \u00e0 sua condi\u00e7\u00e3o de filiados na ACBL e entraram com um processo em tribunal contra a ACBL e 3 directores de torneio, por difama\u00e7\u00e3o de car\u00e1cter e falsas alega\u00e7\u00f5es. A indemniza\u00e7\u00e3o pedida ascendia a 44 milh\u00f5es de d\u00f3lares.Em 23 de Fevrereiro de 1982, chegaram a acordo com a ACBL, tendo recebido uma compensa\u00e7\u00e3o de 75 000 d\u00f3lares destinada a cobrir as custas de tribunal e os honor\u00e1rios dos advogados. Ambos os jogadores concordaram em n\u00e3o voltar a jogar como parceria sem autoriza\u00e7\u00e3o pr\u00e9via do National Board da ACBL. Nenhum pedido para essa autoriza\u00e7\u00e3o seria analisado antes de 1 de Mar\u00e7o de 1984 (dois anos depois do acordo). Tanto quanto sabemos, tal autoriza\u00e7\u00e3o nunca chegou a ser pedida.<\/p>\n<p>Na final da Bermuda Bowl, em 1975, encontraram-se as selec\u00e7\u00f5es dos EUA e da It\u00e1lia. Durante a final, Bruce Keidan, um rep\u00f3rter americano, testemunhou uma incr\u00edvel cena de transmiss\u00e3o il\u00edcita de informa\u00e7\u00e3o entre um dos pares italianos &#8211; Gianfranco Facchini e Sergio Zucchelli &#8211; atrav\u00e9s de movimentos com os p\u00e9s. O facto foi ent\u00e3o testemunhado por v\u00e1rias pessoas e relatados \u00e0s entidades competentes que repreenderam severamente o par italiano permitindo, no entanto, a sua continuidade em prova. O capit\u00e3o da equipa americana, Alfred Sheinwold, amea\u00e7ou desistir da competi\u00e7\u00e3o o que s\u00f3 n\u00e3o aconteceu por imposi\u00e7\u00e3o da ACBL. A It\u00e1lia ganhou o seu\u00a0 t\u00edtulo mundial e o par Facchini &#8211; Zucchelli rapidamente desapareceu da cena internacional.<\/p>\n<p>Na Bermuda Bowl disputada em Buenos Aires, em 1965, ocorreu o mais famoso de todos os esc\u00e3ndalos da hist\u00f3ria do bridge at\u00e9 \u00e0 data, que envolveu os ingleses Boris Schapiro e Terence Reese, acusados pelos jogadores americanos Jay Becker e Dorothy Hayden de sinalizarem, com os dedos, o n\u00famero de cartas de copas que detinham. Foram considerados culpados pela WBF, que os suspendeu por 3 anos, enquanto a Liga Inglesa os considerou inocentes. O caso esteve mesmo \u00e0 beira de causar embara\u00e7os ao n\u00edvel diplom\u00e1tico e originou dois livros &#8211; um com car\u00e1cter acusat\u00f3rio, escrito por Alan Truscott, intitulado &#8220;The Great Bridge Scandal&#8221; e outro, em resposta, da autoria de Terence Reese, intitulado &#8220;Story of an Accusation&#8221;<\/p>\n<p>[\/et_pb_text][\/et_pb_column][\/et_pb_row][\/et_pb_section]<\/p>\n","protected":false},"excerpt":{"rendered":"<p>[et_pb_section fb_built=&#8221;1&#8243; fullwidth=&#8221;on&#8221; admin_label=&#8221;Header Section&#8221; _builder_version=&#8221;3.22&#8243; background_color=&#8221;#dadde2&#8243;][et_pb_fullwidth_header subhead=&#8221;Porque o bridge \u00e9 uma paix\u00e3o&#8221; text_orientation=&#8221;center&#8221; logo_image_url=&#8221;https:\/\/www.bridge4fun.pt\/novo2\/wp-content\/uploads\/2019\/12\/Logo_B4F-ESCOLA_1.jpg&#8221; _builder_version=&#8221;4.0.9&#8243; title_font=&#8221;Oswald|500||on|||||&#8221; title_text_color=&#8221;#ffffff&#8221; title_font_size=&#8221;10vw&#8221; title_letter_spacing=&#8221;15px&#8221; title_line_height=&#8221;1.4em&#8221; content_font=&#8221;||||||||&#8221; subhead_font=&#8221;Oswald|||on|||||&#8221; subhead_text_color=&#8221;rgba(12,12,12,0.2)&#8221; subhead_font_size=&#8221;24px&#8221; subhead_letter_spacing=&#8221;15px&#8221; subhead_line_height=&#8221;1.4em&#8221; background_color=&#8221;rgba(255, 255, 255, 0)&#8221; background_enable_image=&#8221;off&#8221; background_position=&#8221;bottom_center&#8221; custom_padding=&#8221;0.1%||0.2%|||&#8221; animation_style=&#8221;zoom&#8221; animation_direction=&#8221;bottom&#8221; animation_intensity_zoom=&#8221;8%&#8221; title_text_shadow_style=&#8221;preset1&#8243; title_text_shadow_blur_strength=&#8221;0.25em&#8221; title_text_shadow_color=&#8221;rgba(12,12,12,0.15)&#8221; button_one_text_size__hover_enabled=&#8221;off&#8221; button_two_text_size__hover_enabled=&#8221;off&#8221; button_one_text_color__hover_enabled=&#8221;off&#8221; button_two_text_color__hover_enabled=&#8221;off&#8221; button_one_border_width__hover_enabled=&#8221;off&#8221; button_two_border_width__hover_enabled=&#8221;off&#8221; button_one_border_color__hover_enabled=&#8221;off&#8221; button_two_border_color__hover_enabled=&#8221;off&#8221; button_one_border_radius__hover_enabled=&#8221;off&#8221; button_two_border_radius__hover_enabled=&#8221;off&#8221; button_one_letter_spacing__hover_enabled=&#8221;off&#8221; button_two_letter_spacing__hover_enabled=&#8221;off&#8221; button_one_bg_color__hover_enabled=&#8221;off&#8221; button_two_bg_color__hover_enabled=&#8221;off&#8221;][\/et_pb_fullwidth_header][\/et_pb_section][et_pb_section fb_built=&#8221;1&#8243; [&hellip;]<\/p>\n","protected":false},"author":2,"featured_media":0,"parent":0,"menu_order":0,"comment_status":"closed","ping_status":"closed","template":"","meta":{"_et_pb_use_builder":"on","_et_pb_old_content":"","_et_gb_content_width":"","footnotes":""},"class_list":["post-120","page","type-page","status-publish","hentry"],"_links":{"self":[{"href":"https:\/\/www.bridge4fun.pt\/index.php?rest_route=\/wp\/v2\/pages\/120","targetHints":{"allow":["GET"]}}],"collection":[{"href":"https:\/\/www.bridge4fun.pt\/index.php?rest_route=\/wp\/v2\/pages"}],"about":[{"href":"https:\/\/www.bridge4fun.pt\/index.php?rest_route=\/wp\/v2\/types\/page"}],"author":[{"embeddable":true,"href":"https:\/\/www.bridge4fun.pt\/index.php?rest_route=\/wp\/v2\/users\/2"}],"replies":[{"embeddable":true,"href":"https:\/\/www.bridge4fun.pt\/index.php?rest_route=%2Fwp%2Fv2%2Fcomments&post=120"}],"version-history":[{"count":3,"href":"https:\/\/www.bridge4fun.pt\/index.php?rest_route=\/wp\/v2\/pages\/120\/revisions"}],"predecessor-version":[{"id":324,"href":"https:\/\/www.bridge4fun.pt\/index.php?rest_route=\/wp\/v2\/pages\/120\/revisions\/324"}],"wp:attachment":[{"href":"https:\/\/www.bridge4fun.pt\/index.php?rest_route=%2Fwp%2Fv2%2Fmedia&parent=120"}],"curies":[{"name":"wp","href":"https:\/\/api.w.org\/{rel}","templated":true}]}}